lculate the highest common factor of 24 and x.
12
Suppose -2*s = 3*s + 15, 5*o + s - 22 = 0. Suppose 2*v = v + 5. Suppose -5*n + v*c = -105, 0*c - o*c + 15 = n. What is the highest common factor of 50 and n?
10
Suppose -6 = -4*d + g, g - 12 = -4*d - d. What is the greatest common factor of d and 18?
2
Suppose -65 + 20 = 5*i. Let q = -5 - i. Let b = 13 - 12. Calculate the highest common divisor of b and q.
1
Suppose -r - 20 = -c, -5*c + 3*r + 102 = -2. Let a be ((-27)/(-18))/((-6)/(-8)). What is the greatest common divisor of c and a?
2
Suppose -3*o - o = -36. Calculate the greatest common factor of o and 9.
9
Suppose 3*m = 8*m - 320. Let l be 3/((-15)/(-10)) - -6*1. What is the greatest common factor of m and l?
8
Let n = 25 - 7. Let u be ((-24)/n)/((-1)/12). Let k = -8 + u. Calculate the greatest common factor of 20 and k.
4
Let k(o) = 6*o + 2*o**2 + 4 - 21*o - 3*o**2. Let x be k(-8). Calculate the greatest common factor of 15 and x.
15
Let h be 1*((-1 - 2) + 1). Let b = -56 - h. Let l = b - -84. Calculate the greatest common factor of l and 12.
6
Let f(l) = 144*l. Let s be f(1). Calculate the highest common divisor of 18 and s.
18
Let h(k) = -231*k**3 + k + 1. Let w be h(-1). Suppose -4*i = -i - w. Suppose 0 = 2*x - 8*x + 66. What is the highest common factor of x and i?
11
Let w be -2 - ((-1)/(-1) - 47). Let k = 62 - w. Calculate the greatest common factor of k and 27.
9
Let l = 14 - 4. Calculate the greatest common divisor of l and 15.
5
Suppose 65 = x + 4*g, 43 - 113 = -x - 5*g. Calculate the greatest common divisor of x and 5.
5
Let s(r) = -r - 1. Let u be s(-7). Suppose g - u = 27. Calculate the greatest common factor of 3 and g.
3
Let y be (31 - (-3 + 0)) + 2. Calculate the highest common factor of y and 24.
12
Let u = 13 + -18. Let y(v) = -2*v + 10. Let w be y(u). Calculate the highest common divisor of w and 50.
10
Suppose -2*b + 4 = -s - 31, 5*b + 4*s - 68 = 0. Let h = b + -14. Calculate the highest common factor of h and 22.
2
Suppose -2*y - 2*q = -36, -2*y = q - 36 - 4. Calculate the greatest common factor of 176 and y.
22
Let w be 72/96 - (5/(-4) + -1). Calculate the greatest common divisor of 6 and w.
3
Let t(y) = -6*y. Let c be t(-6). Calculate the highest common divisor of 396 and c.
36
Let j = -15 - -17. What is the greatest common divisor of 3 and j?
1
Let z be -4*985/(-100) - 6/(-10). What is the highest common factor of 8 and z?
8
Suppose o - 26 = 22. Let q(p) = -12*p. Suppose 5*z = -4*d - 24, -3*z = 3*d + 2*d + 17. Let u be q(d). What is the highest common factor of o and u?
12
Let c(f) = -f**2 - 9*f - 6. Let j(u) = 5*u**2 + 44*u + 29. Let n(h) = 11*c(h) + 2*j(h). Let i be n(-10). What is the greatest common factor of 18 and i?
2
Suppose -20 - 148 = -2*l. Calculate the greatest common divisor of l and 12.
12
Suppose 2*z + 3 = 1. Let h be 4/((1/(-2))/z). Suppose 4*f = -2*n + 48, 3*f + 61 = h*f + 3*n. Calculate the highest common factor of 1 and f.
1
Suppose -4*m = -4*f + 144, 2*f = -2*f + m + 132. Suppose f + 40 = 4*o. What is the highest common divisor of o and 36?
18
Suppose 5*t = -3*n + 17, 2*t + 6*n = n + 3. Let l be 14*(4/14)/(25/225). What is the highest common divisor of t and l?
4
Let n be (-12)/(-5)*30/4. What is the greatest common factor of n and 18?
18
Let d(j) = -j**2 - 7*j + 8. Let a be d(-7). What is the greatest common divisor of 8 and a?
8
Suppose -5*q = 22 - 182. What is the highest common factor of 8 and q?
8
Let u(w) = w**3 + 8*w**2 + 7*w + 9. Let v be u(-7). What is the greatest common divisor of v and 18?
9
Let k(q) = 3*q - 34. Let o be k(12). What is the highest common factor of 2 and o?
2
Let r be (-61)/(-4) - (-2)/(-8). Suppose 21 + 9 = 3*p. What is the greatest common factor of p and r?
5
Let r(i) = 4*i - 12. Let t be r(10). What is the highest common divisor of 70 and t?
14
Let o be 0/(2 + -5) - (-15 + -5). Calculate the greatest common divisor of o and 4.
4
Let y = -7 + 10. Let j(s) = 4*s - 1. Let z be j(y). What is the greatest common factor of z and 11?
11
Suppose 0 = o - 0*o - 3. Suppose -o*s = -15, 5*c - s - 23 = 12. Calculate the greatest common factor of 32 and c.
8
Suppose 0 = -2*t - 3*w + 27, -5*t = -0*t + 3*w - 72. Calculate the greatest common divisor of 30 and t.
15
Suppose 2*d + 23 = r, 4*r + d = 5*d + 80. What is the greatest common divisor of r and 119?
17
Suppose -x - 8 = -5*x. Let d(c) = 3*c**2 + 2*c - 3. Let o be d(x). What is the highest common factor of 26 and o?
13
Let s = 372 - 219. Calculate the highest common divisor of 17 and s.
17
Suppose -4*k + 13 + 11 = 0. What is the greatest common factor of k and 60?
6
Suppose 0 = -2*c + 40 - 14. Let q = c + -4. What is the greatest common factor of 9 and q?
9
Let u be 12/(-9)*(-15)/10. Let c = 16 - -6. What is the greatest common divisor of c and u?
2
Suppose 0*p + 242 = 2*p - 2*o, p - 4*o - 121 = 0. Calculate the greatest common divisor of p and 22.
11
Suppose -h - 3*h = -8. Suppose 0 = -6*g + h*g + 56. Suppose 2*u = f - g, -15 = -2*u + 7*u. What is the greatest common divisor of 40 and f?
8
Suppose -2*x + 2*n + 116 = n, x = 3*n + 48. What is the greatest common divisor of 15 and x?
15
Suppose -c + 3 = 2. What is the greatest common divisor of c and 9?
1
Let b be (-10*(2 - 1))/(-2). Suppose -4*r + 27 = -2*g + 9, 0 = b*r - 25. Let w be g/(1 - 2) - -28. What is the highest common divisor of 18 and w?
9
Suppose 0 = -8*c + 11*c - 108. Calculate the highest common divisor of c and 4.
4
Let i(c) = -c**3 - c**2 + c + 288. Let v be i(0). What is the greatest common divisor of 36 and v?
36
Let y = 72 + -40. What is the highest common factor of 80 and y?
16
Suppose n = 5 + 8. Let y(l) = 57*l + 7. Let q be y(-5). Let j = -161 - q. What is the greatest common divisor of n and j?
13
Suppose -4*w - 2 - 28 = -t, 5*t - 2*w - 96 = 0. Suppose 5*n - 57 = 3. Calculate the greatest common factor of n and t.
6
Suppose 8*z = 7*z + 1. What is the highest common divisor of 4 and z?
1
Let t be 88/14 - 4/14. Let p = 18 + -15. What is the highest common factor of p and t?
3
Let f(b) = -6*b - 6 + 0*b**2 - 2*b - 2*b + b**2. Let a be f(11). Calculate the greatest common factor of a and 55.
5
Let p(b) = -b**3 + 8*b**2 - 8*b - 1. Let w be p(7). Let n = 16 + w. Calculate the highest common factor of n and 8.
8
Let l(s) = 4*s**3 - 2*s**2 - s + 2. Let n be l(1). What is the highest common divisor of 27 and n?
3
Suppose -40 - 21 = -g. Suppose 3*y - 104 = g. What is the greatest common factor of 11 and y?
11
Let f = 7 - -8. Let q = -5 + f. Let g = 25 - 20. Calculate the greatest common divisor of q and g.
5
Suppose 4*c + 5 = 17. Suppose c*w + i - 27 = -2, 0 = 4*w + i - 35. Calculate the greatest common factor of w and 40.
10
Suppose -3*i + 15 = 0, 4*i - 66 = -4*s + 2*i. Calculate the greatest common divisor of s and 91.
7
Let r = 4 + -2. Suppose 0 = -2*m + r*s, -4*s + 8 = -0*m - 2*m. Suppose 5*b + 12 = u, b = -5*u + m + 30. What is the greatest common factor of u and 21?
7
Let r be 20 + -1 + (9 - 5 - 2). What is the highest common factor of 14 and r?
7
Suppose -3*v = 2*v - 145. Suppose 5*t = -3*l + 420, -t = -2*l + v - 100. What is the greatest common divisor of 9 and t?
9
Let h(k) = 3*k**2 - k. Let n be h(2). Let s = 8 + 83. Suppose 2*q - 69 = s. Calculate the greatest common divisor of n and q.
10
Let g(k) = -2*k**3 - 3*k**2 + 4*k - 1. Let j be g(-3). Suppose 40*t - 38*t - 56 = 0. What is the greatest common factor of j and t?
14
Let p be 4/(-2) + 34 + 3. Suppose 4*m - p = 17. Calculate the highest common factor of 78 and m.
13
Suppose z = -0*z - 225. Let r = z - -335. Calculate the greatest common divisor of 10 and r.
10
Let a be (-4)/22 + (-334)/(-22). Let j = a - -2. Let y = 42 - 25. Calculate the greatest common factor of j and y.
17
Suppose -x + u = 6, -6*x + 2*x - 18 = -2*u. Let r = -2 - x. Let q be ((-112)/(-12))/(r/6). What is the highest common factor of 14 and q?
14
Let w be (0 + (-30)/7)*-7. Let b be (0 - 0)/(3 - 2). Suppose b = 5*p - 50 - w. Calculate the highest common factor of 2 and p.
2
Suppose 6 = -2*o, 5*o + 0*o = f - 117. Suppose 4*b = h - 72, 0 = h + 7*b - 5*b - 66. Calculate the highest common factor of h and f.
34
Suppose -3*q + 3*d = -15, -5*q + 2*d + 12 = -13. Suppose -2*x + q = -x. Let r = 1 + 1. Calculate the highest common divisor of 